{"id":2766,"date":"2014-08-15T06:39:58","date_gmt":"2014-08-15T06:39:58","guid":{"rendered":"http:\/\/happychild.stylemixthemes.com\/?page_id=2766"},"modified":"2023-06-22T16:55:20","modified_gmt":"2023-06-22T16:55:20","slug":"akademik-bilgiler","status":"publish","type":"page","link":"https:\/\/www.tebesiragaci.com\/index.php\/akademik-bilgiler\/","title":{"rendered":"Psikolo\u011fumuzdan \u00d6nemli Notlar"},"content":{"rendered":"\n<figure class=\"wp-block-embed is-type-wp-embed is-provider-tebesir-agaci-anaokulu wp-block-embed-tebesir-agaci-anaokulu\"><div class=\"wp-block-embed__wrapper\">\n<blockquote class=\"wp-embedded-content\" data-secret=\"izlctYZh1B\"><a href=\"https:\/\/www.tebesiragaci.com\/index.php\/2023\/06\/22\/cocugunuzun-okul-oncesi-egitime-baslama-zamani-geldi\/\">\u00c7OCU\u011eUNUZUN OKUL \u00d6NCES\u0130 E\u011e\u0130T\u0130ME BA\u015eLAMA ZAMANI GELD\u0130!!!<\/a><\/blockquote><iframe class=\"wp-embedded-content\" sandbox=\"allow-scripts\" security=\"restricted\" style=\"position: absolute; clip: rect(1px, 1px, 1px, 1px);\" title=\"&#8220;\u00c7OCU\u011eUNUZUN OKUL \u00d6NCES\u0130 E\u011e\u0130T\u0130ME BA\u015eLAMA ZAMANI GELD\u0130!!!&#8221; &#8212; Tebe\u015fir A\u011fac\u0131 Anaokulu\" src=\"https:\/\/www.tebesiragaci.com\/index.php\/2023\/06\/22\/cocugunuzun-okul-oncesi-egitime-baslama-zamani-geldi\/embed\/#?secret=iiR9sGiPrh#?secret=izlctYZh1B\" data-secret=\"izlctYZh1B\" width=\"600\" height=\"338\" frameborder=\"0\" marginwidth=\"0\" marginheight=\"0\" scrolling=\"no\"><\/iframe>\n<\/div><\/figure>\n\n\n\n<figure class=\"wp-block-embed is-type-wp-embed is-provider-tebesir-agaci-anaokulu wp-block-embed-tebesir-agaci-anaokulu\"><div class=\"wp-block-embed__wrapper\">\n<blockquote class=\"wp-embedded-content\" data-secret=\"d08cnnB2co\"><a href=\"https:\/\/www.tebesiragaci.com\/index.php\/2018\/08\/13\/cocuklarda-teknoloji-bagimliligi-nasil-onlenir\/\">\u00c7OCUKLARDA TEKNOLOJ\u0130 BA\u011eIMLILI\u011eI NASIL \u00d6NLEN\u0130R?<\/a><\/blockquote><iframe class=\"wp-embedded-content\" sandbox=\"allow-scripts\" security=\"restricted\" style=\"position: absolute; clip: rect(1px, 1px, 1px, 1px);\" title=\"&#8220;\u00c7OCUKLARDA TEKNOLOJ\u0130 BA\u011eIMLILI\u011eI NASIL \u00d6NLEN\u0130R?&#8221; &#8212; Tebe\u015fir A\u011fac\u0131 Anaokulu\" src=\"https:\/\/www.tebesiragaci.com\/index.php\/2018\/08\/13\/cocuklarda-teknoloji-bagimliligi-nasil-onlenir\/embed\/#?secret=02KgQeCLKQ#?secret=d08cnnB2co\" data-secret=\"d08cnnB2co\" width=\"600\" height=\"338\" frameborder=\"0\" marginwidth=\"0\" marginheight=\"0\" scrolling=\"no\"><\/iframe>\n<\/div><\/figure>\n\n\n\n<figure class=\"wp-block-embed is-type-wp-embed is-provider-tebesir-agaci-anaokulu wp-block-embed-tebesir-agaci-anaokulu\"><div class=\"wp-block-embed__wrapper\">\n<blockquote class=\"wp-embedded-content\" data-secret=\"Q1yVVSw4rd\"><a href=\"https:\/\/www.tebesiragaci.com\/index.php\/2020\/02\/20\/cocugunuzun-olum-olgusuyla-basa-cikmasina-yardim-etme-yontemleri\/\">\u00c7ocu\u011funuzun &#8220;\u00d6l\u00fcm&#8221; Olgusuyla Ba\u015fa \u00c7\u0131kmas\u0131na Yard\u0131m Etme Y\u00f6ntemleri<\/a><\/blockquote><iframe class=\"wp-embedded-content\" sandbox=\"allow-scripts\" security=\"restricted\" style=\"position: absolute; clip: rect(1px, 1px, 1px, 1px);\" title=\"&#8220;\u00c7ocu\u011funuzun &#8220;\u00d6l\u00fcm&#8221; Olgusuyla Ba\u015fa \u00c7\u0131kmas\u0131na Yard\u0131m Etme Y\u00f6ntemleri&#8221; &#8212; Tebe\u015fir A\u011fac\u0131 Anaokulu\" src=\"https:\/\/www.tebesiragaci.com\/index.php\/2020\/02\/20\/cocugunuzun-olum-olgusuyla-basa-cikmasina-yardim-etme-yontemleri\/embed\/#?secret=typL6IXcka#?secret=Q1yVVSw4rd\" data-secret=\"Q1yVVSw4rd\" width=\"600\" height=\"338\" frameborder=\"0\" marginwidth=\"0\" marginheight=\"0\" scrolling=\"no\"><\/iframe>\n<\/div><\/figure>\n","protected":false},"excerpt":{"rendered":"https:\/\/www.tebesiragaci.com\/index.php\/2023\/06\/22\/cocugunuzun-okul-oncesi-egitime-baslama-zamani-geldi\/?preview_id=4510&amp;preview_nonce=fe4aaff074&amp;preview=true http:\/\/www.tebesiragaci.com\/index.php\/2018\/08\/13\/cocuklarda-teknoloji-bagimliligi-nasil-onlenir\/?preview_id=3563&amp;preview_nonce=a03e97c854&amp;preview=true&amp;_thumbnail_id=3564 http:\/\/www.tebesiragaci.com\/index.php\/2020\/02\/20\/cocugunuzun-olum-olgusuyla-basa-cikmasina-yardim-etme-yontemleri\/?preview_id=4022&amp;preview_nonce=7b4743d0fc&amp;preview=true&amp;_thumbnail_id=4025","protected":false},"author":1,"featured_media":0,"parent":0,"menu_order":0,"comment_status":"closed","ping_status":"open","template":"","meta":[],"_links":{"self":[{"href":"https:\/\/www.tebesiragaci.com\/index.php\/wp-json\/wp\/v2\/pages\/2766"}],"collection":[{"href":"https:\/\/www.tebesiragaci.com\/index.php\/wp-json\/wp\/v2\/pages"}],"about":[{"href":"https:\/\/www.tebesiragaci.com\/index.php\/wp-json\/wp\/v2\/types\/page"}],"author":[{"embeddable":true,"href":"https:\/\/www.tebesiragaci.com\/index.php\/wp-json\/wp\/v2\/users\/1"}],"replies":[{"embeddable":true,"href":"https:\/\/www.tebesiragaci.com\/index.php\/wp-json\/wp\/v2\/comments?post=2766"}],"version-history":[{"count":4,"href":"https:\/\/www.tebesiragaci.com\/index.php\/wp-json\/wp\/v2\/pages\/2766\/revisions"}],"predecessor-version":[{"id":4514,"href":"https:\/\/www.tebesiragaci.com\/index.php\/wp-json\/wp\/v2\/pages\/2766\/revisions\/4514"}],"wp:attachment":[{"href":"https:\/\/www.tebesiragaci.com\/index.php\/wp-json\/wp\/v2\/media?parent=2766"}],"curies":[{"name":"wp","href":"https:\/\/api.w.org\/{rel}","templated":true}]}}